11*c**3/3 - 1. Let p(d) be the third derivative of i(d). What is p(0)?
-7
Let a(s) be the second derivative of s**4/12 + s**3/6 - 7*s**2/2 + 14*s + 13. Determine a(4).
13
Suppose 2*j - 80 - 20 = -4*v, -5*j + 295 = v. Suppose -5*p - j = 10*p. Let d(w) = -w**2 - 7*w - 6. Give d(p).
6
Let k(c) = c**2 + 4*c - 1. Suppose 2*y + 3*a - 114 = -y, -5*a - 188 = -4*y. Let t = 59 - y. Suppose -t + 8 = 3*h. What is k(h)?
-4
Let f be (-11)/(-3) - (-1)/3. Let y(s) be the second derivative of -1/12*s**4 + 2/3*s**3 - 9*s - 1/2*s**2 + 0. Determine y(f).
-1
Let q = 485 + -481. Let l(v) = 11*v + 5. Determine l(q).
49
Let i(l) be the third derivative of -l**4/12 - 5*l**3/3 - 32*l**2 - 1. Calculate i(-7).
4
Let j(n) = -4*n**2 + 5*n - 7. Let u(d) = -d**2 + 2*d - 2. Let r(h) = -2*j(h) + 7*u(h). Let t = 6 + 2. Suppose -20*c + t*c - 72 = 0. Determine r(c).
12
Let w(b) be the first derivative of b**4/4 + b**3/3 + 3*b - 2. Let i be (10/10)/(2/10). Suppose -i*l = 2*l. Calculate w(l).
3
Let r(b) = -7*b**2 + 4*b - 5. Let p(y) = -15*y**2 + 9*y - 11. Suppose 5*f - 3*a + 15 = 0, -5*f + 25 = -10*f + a. Let n(k) = f*p(k) + 13*r(k). Determine n(1).
-2
Let x(u) be the second derivative of -u**4/12 - u**3/3 + u**2 - 6*u. Let s be -1*((7 - -3) + -7). Calculate x(s).
-1
Let o(n) = -15*n**2 - 121*n. Let l be o(-8). Let q(r) = -r**3 + 9*r**2 - 5*r + 5. What is q(l)?
29
Let t = -36 - -36. Let g(m) be the second derivative of -1/20*m**5 + 2/3*m**4 + t + m - 3*m**2 - m**3. Calculate g(7).
1
Let w(o) = 71 + 14*o + 5*o**2 - 7*o**2 - 53. Give w(8).
2
Let f(a) = 33*a. Let z be 286/(-52)*2/(-11). Give f(z).
33
Let t = -3990 + 3989. Let d(x) = x**2 + x + 1. Let i(c) = 2*c**2 - 7*c - 7. Let l(z) = -6*d(z) - i(z). Calculate l(t).
-8
Let u = 51 + -30. Let y = -19 + u. Let n(w) = 3*w - 1. Determine n(y).
5
Let v be 1/((-1)/(-14)*-2). Let f(g) = 7*g + g**2 - 1 + 3 + 2. Give f(v).
4
Suppose 17 - 7 = -2*r. Let p be 2/r - (-108)/(-30). Let b(k) = -k + 1. Determine b(p).
5
Let n(i) = -3*i**2 + 2*i + 4. Let o = -79 - -59. Let z be 23/7 + o/70. Give n(z).
-17
Let l(b) = b**3 - 15*b**2 + b - 13. Let n be (-2 + 8)*(0 + 2). Suppose 27*w - 225 = n*w. What is l(w)?
2
Let z(v) = v**3 - 8*v**2 - 10*v + 3. Suppose 0 = 2*q - 4*x + 8, 2*q - 5*x + 4*x = 7. Suppose -3*l + q + 15 = 3*f, -2*f - 5*l + 8 = 0. Give z(f).
-6
Suppose n + 6 = 3. Let g be 2/(n/45*-5). Let w(d) = d**2 - 5*d + 8. Give w(g).
14
Let a(r) = 3*r. Let w(i) = -i**2 + 6*i. Let v(s) = -5*a(s) + 3*w(s). Calculate v(2).
-6
Let d(x) = -x**2 - x + 24. Let o be d(4). Let u(p) = -p**2 + 8*p - 5. Let q be u(7). Let i(j) = -j**3 - j**q - 2*j**2 + 8*j**2 + 4 - 6*j. Determine i(o).
-4
Let d(z) be the third derivative of -z**4/4 - z**3/6 - z**2. Suppose 2*k = 7*k - 4*k. Suppose 6*f - 12*f - 6 = k. Determine d(f).
5
Let f(p) = -3*p + 8. Let l(d) = 3*d**2 + 14*d - 1. Let a be l(-5). Suppose -g = 4*m - 1, m + 0*m + 38 = a*g. Calculate f(g).
-19
Let v(a) = -a**3 + 0*a - 3 + 3*a + 0*a + 4*a**2. Suppose 0 = -2*c + 8. Give v(c).
9
Suppose 0 = -2*c + 5*l + 50, -5*c + 37 = -2*c + 2*l. Suppose d - c = -4*d. Let j(s) = -s + 0*s + 7*s - 2 - d*s. Give j(-2).
-8
Let q(c) = c**2 - 5*c - 7. Let z be q(6). Let n(t) = 52*t + 2. What is n(z)?
-50
Let j(x) = 10*x**2 - 94*x + 3 - x**3 - 3*x**2 + 88*x. Suppose 3*s = m - 6, -4*m + 3*s = -4 - 20. Calculate j(m).
3
Let l(u) be the first derivative of 1/6*u**3 + 0*u + 1/60*u**5 + 1/8*u**4 + 3 + 3*u**2. Let i(c) be the second derivative of l(c). Determine i(-2).
-1
Let s(y) = -144*y**2 - y - 147*y**2 + 280*y**2. Let u(g) = g + 2. Let o be u(0). Let l = -1 + o. Determine s(l).
-12
Let a = -174 + 175. Suppose -10 = -c - 4*c. Let d(k) = -3*k**c + k + 3*k**2 - k**2. Calculate d(a).
0
Let c(f) = -3*f - 24. Suppose 8*m = -2*q + 9*m - 18, -16 = -4*m. What is c(q)?
-3
Let r(g) = -7*g**3 - 3 + g**3 + 5*g**3 - 1 - 4*g**2. Let c(q) = -q**3 - 10*q**2 - 8*q + 5. Let s be c(-9). Determine r(s).
-4
Let z(y) = -3*y + 2. Suppose 0 = 3*o - 45 + 36. Calculate z(o).
-7
Let h be 12*2/(-3) + 9. Let f(l) = 2 + 16*l**2 - 1 - 2 + 2. Determine f(h).
17
Suppose -7 = v + 3*v + 3*h, 3*v + h - 1 = 0. Suppose 0 = -4*c + 3*l - 15, -v*c = 3*c + l + 14. Let m(q) = -2*q**3 - 5*q**2 - 3*q - 4. Determine m(c).
14
Let x(g) = -2*g**2 - 7 - 64*g**3 + 63*g**3 + 6*g - 2*g - 4*g**2. Let h be x(-6). Let d = h - -29. Let k(n) = n**3 + 2*n**2 - n. What is k(d)?
2
Let n(i) be the second derivative of i**3/6 + 3*i**2 - 41*i - 1. Suppose 0 = 3*a - a + 10. Calculate n(a).
1
Let y be 2/(8/12) + -13. Let l = 13 + y. Let o(s) = -1 - 4 + 4 - 2*s. Determine o(l).
-7
Let c(v) = -14*v + 4. Let t be c(3). Let z = 26 + t. Let f be (-10)/(-8) - (-3)/z. Let s(w) = 8*w + 1. Determine s(f).
9
Let g(n) = -3*n. Suppose k + 12 + 12 = 3*u, -5*u + 40 = -k. Let l be (-9)/12 - 26/u. Determine g(l).
12
Let k(o) be the first derivative of 20*o**2 + 0 + 2*o**3 - o - 1 - 20*o**2. Give k(1).
5
Let x(w) be the first derivative of -w**3/3 + 3*w**2/2 - 3*w + 14. Let f = 229 + -226. Determine x(f).
-3
Let j(z) = -z**3 - 7*z**2 - 4*z - 8. Let g(r) = -2*r - 15. Let d be g(-4). Give j(d).
20
Let v(h) be the first derivative of -h**3/3 + 3*h**2 - 3*h - 63. What is v(5)?
2
Let v(i) be the first derivative of -7*i**3 + 2*i**3 + 6*i**3 + 2*i**3 + 9. Suppose -k + 2 - 1 = 0. Determine v(k).
9
Suppose -4*g - 40 = 4*j, 3*j + 5*g + 30 = 2*j. Let i(w) be the third derivative of -7/6*w**3 + 0 + 6*w**2 + 0*w + 0*w**4 - 1/120*w**6 - 1/12*w**5. Give i(j).
-7
Let p(z) = -4*z**2 + 15*z - 9. Let v(h) = -5*h**2 + 20*h - 10. Let i(y) = 6*p(y) - 5*v(y). Give i(9).
-13
Let c = 92 - 98. Let v(h) = 0 + 1 - 3*h + 2. Let u(d) = 2*d - 2. Let g(j) = -4*u(j) - 3*v(j). Calculate g(c).
-7
Let c = -21 + 35. Suppose -12*l = -c*l + 12. Suppose -l = 3*k + 3*u, 2*k + 0*k = -3*u - 5. Let z(h) = 15*h**2 - 2*h - 1. Calculate z(k).
16
Let b = -42 + 53. Let y(o) = -o + 9. Determine y(b).
-2
Let t(l) be the first derivative of -l**3 - 6 - 7/2*l**2 + 1/24*l**4 + 0*l. Let w(p) be the second derivative of t(p). What is w(-5)?
-11
Let n(u) = 6*u + 1. Suppose 33*m = 38*m - 5. Let h(z) = -12*z - 1. Let j be h(m). Let o(v) = v**2 + 14*v + 14. Let x be o(j). Determine n(x).
7
Let b(j) be the first derivative of j**6/90 + 19*j**3/3 + 47. Let n(o) be the third derivative of b(o). Give n(-1).
4
Suppose -5 = -u, -2*f - 17 = -3*f - 4*u. Let l be -1*((-1)/f)/((-3)/(-45)). Let h(k) = k + 7. Calculate h(l).
2
Suppose -8 = 3*k + 4, 0 = -7*c + 4*k + 23. Let y(s) = 12*s - 1. Determine y(c).
11
Let m(q) be the second derivative of 1/4*q**4 - 1/2*q**2 + 0 + 0*q**3 - 1/20*q**5 - 10*q. Calculate m(1).
1
Let l = 2 - 8. Let y(g) be the first derivative of -g**2 - 4*g + 9. Determine y(l).
8
Let l(h) be the second derivative of h - 1/6*h**4 - 3/5*h**5 + 0*h**2 + 0 + 1/6*h**3. What is l(1)?
-13
Let a be -33 + (-5 - (4 + -7)). Let u = a - -38. Let w(l) be the second derivative of -l**5/20 + l**4/12 + 3*l**2/2 + l. What is w(u)?
-15
Let f(i) = -i**3 + 2*i - 12. Let q(d) = -2*d**3 + d**2 + 5*d - 23. Let n(z) = -11*f(z) + 6*q(z). Let t = 16 - 9. Determine n(t).
1
Let p be (-6)/15 + (-182)/(-130). Let i(o) = 6*o**2 + 3*o**2 + 6*o**2 + o**2. Give i(p).
16
Let x(t) = -22*t + 9. Let y(n) = -10*n + 4. Let l(a) = 2*x(a) - 5*y(a). Let h be (1/3)/((-2)/(-12)). Determine l(h).
10
Let k(m) = -m**3 - m + 1. Let t(j) = 2*j**3 - 17*j + 17*j + 4*j**2 - j**3. Let b(x) = -2*k(x) - t(x). What is b(4)?
6
Suppose -5*m = -2*z - 12, 0*m - 5*m + 15 = -5*z. Let g(h) be the first derivative of 1 + 0 + h**2 + 3 + 0*h**m - 3*h. Give g(-3).
-9
Let s(l) = l**2 + 9*l + 14. Let t be s(-8). Let m be (-456)/133 + t/14. Let g(c) = -c**2 + 2*c + 3. Calculate g(m).
-12
Let r(k) = 5*k**3 - 16*k**2 - 2*k + 8. Let z(w) = -2*w**3 + w. Let v(f) = -r(f) - 3*z(f). Determine v(-16).
8
Let l be 1/(-3) + 1/3. Suppose l = 4*s - 2 - 6. Let d(j) = -s*j - 2*j - 3*j + 1. What is d(1)?
-6
Suppose m + 3 = 2*m. Let s be (-2 + 9 - 3)*1. Let n(l) = -m*l + 3 - 2 + s*l. What is n(2)?
3
Let a be (-6)/(-27) + 6/(-27). Let i(z) = 3*z - 2*z - 2 - 2*z + a*z**3 + 6*z**3. Let v(s) = s**3 - s - 1. Let y(l) = i(l) - 3*v(l). What is y(-1)?
-4
Let l(j) = 24*j**3 - 8*j**2 + 4*j. Let g(n) = 13*n**3 - 4*n**2 + 2*n. Let f(a) = -11*g(a) + 6*l(a). What is f(4)?
8
Let b(p) = -15883*p + p**2 - 2*p**2 + 8 + 15891*p. Give b(6).
20
Let m(t) = t + 4. Suppose 2*a + 3